{"id":1677,"date":"2025-04-30T20:14:26","date_gmt":"2025-04-30T18:14:26","guid":{"rendered":"https:\/\/fc-wanderlust.de\/?page_id=1677"},"modified":"2025-06-08T19:36:56","modified_gmt":"2025-06-08T17:36:56","slug":"herbert-muehlenberg","status":"publish","type":"page","link":"https:\/\/fc-wanderlust.de\/?page_id=1677","title":{"rendered":"Herbert M\u00fchlenberg"},"content":{"rendered":"\n<p class=\"has-medium-font-size\"><strong>Vom Bolzplatz in die Bundesliga \u2013 Herbert M\u00fchlenbergs Weg begann in S\u00fcsterseel<\/strong><\/p>\n\n\n\n<figure class=\"wp-block-image size-full\"><img loading=\"lazy\" width=\"196\" height=\"295\" src=\"https:\/\/fc-wanderlust.de\/wp-content\/uploads\/2025\/06\/Herbert.png\" alt=\"\" class=\"wp-image-1729\"\/><\/figure>\n\n\n\n<p>Einen gro\u00dfe Fu\u00dfballgeschichte ist unweigerlich auch mit dem Namen \u201eM\u00fchle\u201c verbunden. Ein Heimatidol mit Bundesligaformat. Die Fu\u00dfballkarriere von Herbert M\u00fchlenberg bleibt unvergessen.<\/p>\n\n\n\n<p>Der geb\u00fcrtige S\u00fcsterseeler pr\u00e4gte nicht nur \u00fcber viele Jahre den FC Wanderlust 1920 S\u00fcsterseel, sondern schaffte anschlie\u00dfend den Sprung bis in die h\u00f6chste deutsche Spielklasse. Sein Werdegang ist beispielhaft f\u00fcr die Kraft des Amateurfu\u00dfballs \u2013 und das Potenzial, das in kleinen Vereinen schlummert.<\/p>\n\n\n\n<p><strong>Fr\u00fche Jahre beim FC Wanderlust<\/strong><\/p>\n\n\n\n<p>Seine ersten fu\u00dfballerischen Schritte machte M\u00fchlenberg 1956 als Jugendspieler auf dem Sportplatz seines Heimatvereins. Schnell wurde deutlich: Hier w\u00e4chst ein Ausnahmetalent heran. Mit Spielwitz, Torgefahr und unerm\u00fcdlichem Einsatz wurde er schon bald zur pr\u00e4genden Figur des Vereins \u2013 und zum Hoffnungstr\u00e4ger des Dorfes.<\/p>\n\n\n\n<figure class=\"wp-block-image size-full\"><img loading=\"lazy\" width=\"960\" height=\"720\" src=\"https:\/\/fc-wanderlust.de\/wp-content\/uploads\/2025\/06\/1725297633930.jpg\" alt=\"\" class=\"wp-image-1730\" srcset=\"https:\/\/fc-wanderlust.de\/wp-content\/uploads\/2025\/06\/1725297633930.jpg 960w, https:\/\/fc-wanderlust.de\/wp-content\/uploads\/2025\/06\/1725297633930-300x225.jpg 300w, https:\/\/fc-wanderlust.de\/wp-content\/uploads\/2025\/06\/1725297633930-768x576.jpg 768w\" sizes=\"(max-width: 960px) 100vw, 960px\" \/><\/figure>\n\n\n\n<p><strong>Zweifacher Amateurmeister mit dem SC J\u00fclich 10<\/strong><\/p>\n\n\n\n<p>1968 folgte der Wechsel zum SC J\u00fclich 10 \u2013 einem der dominierenden Amateurvereine seiner Zeit. Mit den J\u00fclichern sicherte sich M\u00fchlenberg in den Saisons 1968\/69 und 1969\/70 gleich zwei Mal den Titel des Deutschen Amateurmeisters. Diese Erfolge ebneten ihm den Weg in den Profifu\u00dfball.<\/p>\n\n\n\n<p><strong>Bundesliga-Eins\u00e4tze f\u00fcr den 1. FC K\u00f6ln<\/strong><\/p>\n\n\n\n<p>1970 wurde der 1. FC K\u00f6ln auf den S\u00fcsterseeler aufmerksam und nahm den vielversprechenden St\u00fcrmer unter Vertrag. Nach ersten Eins\u00e4tzen in der Amateurmannschaft folgte 1972 das Bundesliga-Deb\u00fct \u2013 gegen den VfB Stuttgart gekr\u00f6nt von einem Tor. Ein unvergesslicher Moment f\u00fcr M\u00fchlenberg und f\u00fcr viele Fu\u00dfballfans aus der Region. Gegen den 1. FC Kaiserlautern machte er sein zweites Bundesligaspiel.<\/p>\n\n\n\n<p>Im UEFA Cup spielte M\u00fchlenberg gegen Bohemians Dublin. Er wurde Vizemeister mit dem 1. FC K\u00f6ln und stand im Kader des Vizepokalsiegers. Zu seinen Mannschaftskameraden geh\u00f6rten u.a. Gerhard Welz, Toni Schumacher, Heinz Flohe, Jupp Kapellmann, Wolfgang Overath, Hannes L\u00f6hr, Bernd Cullmann, Harald Konopka, Karl-Heinz Thielen und Wolfgang Weber. In diesem hochkar\u00e4tigen Kader war es schwer sich durchzusetzen.<\/p>\n\n\n\n<p><strong>Torj\u00e4gerqualit\u00e4ten in Leverkusen und Osnabr\u00fcck<\/strong><\/p>\n\n\n\n<p>Sein Weg f\u00fchrte weiter zu Bayer 04 Leverkusen, wo er in der Regionalliga West sechs Tore in neun Spielen erzielte. Es folgte der Wechsel zum VfL Osnabr\u00fcck \u2013 und der Beginn seiner erfolgreichsten Profijahre: 17 Treffer in der Regionalliga Nord und sp\u00e4ter 49 Tore in 126 Spielen der 2. Bundesliga Nord \u00fcber f\u00fcnf Spielzeiten machten ihn zum Leistungstr\u00e4ger und Publikumsliebling.<\/p>\n\n\n\n<figure class=\"wp-block-image size-large\"><img loading=\"lazy\" width=\"1024\" height=\"782\" src=\"https:\/\/fc-wanderlust.de\/wp-content\/uploads\/2025\/06\/Bremer-Bruecke-1024x782.jpg\" alt=\"\" class=\"wp-image-1731\" srcset=\"https:\/\/fc-wanderlust.de\/wp-content\/uploads\/2025\/06\/Bremer-Bruecke-1024x782.jpg 1024w, https:\/\/fc-wanderlust.de\/wp-content\/uploads\/2025\/06\/Bremer-Bruecke-300x229.jpg 300w, https:\/\/fc-wanderlust.de\/wp-content\/uploads\/2025\/06\/Bremer-Bruecke-768x587.jpg 768w, https:\/\/fc-wanderlust.de\/wp-content\/uploads\/2025\/06\/Bremer-Bruecke.jpg 1041w\" sizes=\"(max-width: 1024px) 100vw, 1024px\" \/><\/figure>\n\n\n\n<p><strong>R\u00fcckkehr in den Amateurfu\u00dfball<\/strong><\/p>\n\n\n\n<p>1978 schloss sich M\u00fchlenberg dem VfB Rheine an, wo er bis 1982 seine aktive Karriere ausklingen lie\u00df. Mit seiner Erfahrung und seinem Spielverst\u00e4ndnis pr\u00e4gte er auch dort das Team \u2013 dieses Mal als erfahrener F\u00fchrungsspieler im Amateurbereich. Anschlie\u00dfend war M\u00fchlenberg noch viele Jahre als Trainer erfolgreich.<\/p>\n\n\n\n<p><strong>An der Seitenlinie weiterhin ein Garant f\u00fcr sportlichen Erfolg<\/strong><\/p>\n\n\n\n<p>Seine Trainerkarriere nahm 1982 bei den SF Oesede\/Georgsmarienh\u00fctte ihren Anfang. Was folgte, war ein beispielloser Aufstieg. Innerhalb von zehn Jahren f\u00fchrte M\u00fchlenberg das Team in drei Etappen von der Bezirksliga bis in die Verbandsliga \u2013 ein Meisterst\u00fcck nachhaltiger Aufbauarbeit und kluger Kaderf\u00fchrung.<\/p>\n\n\n\n<p>1992 \u00fcbernahm er den Nachwuchs des VfL Osnabr\u00fcck \u2013 und setzte sofort neue Ma\u00dfst\u00e4be. Der Aufstieg der A-Jugend in die Bundesliga zeugte von seinem geschulten Blick f\u00fcr Talent und Entwicklung. Doch M\u00fchlenberg konnte nicht nur Talente f\u00f6rdern, sondern auch bei den Profis Akzente setzen: In nur 22 Monaten verwandelte er ein Team im Abstiegskampf (Platz 16) in eine ambitionierte Spitzenmannschaft (Platz 4). Parallel dazu coachte er die Amateurmannschaft des Vereins, die unter seiner Leitung den Sprung von der Landesliga in die Oberliga Niedersachsen schaffte &#8211; ein weiteres Kapitel seiner Erfolgsbilanz.<\/p>\n\n\n\n<p>2001 kehrte er zu seinen Wurzeln zur\u00fcck: Bei Viktoria Georgsmarienh\u00fctte setzte er seine Arbeit im Bezirksliga-Umfeld fort \u2013 erneut mit Weitsicht, Akribie und der Gabe, Mannschaften weiterzuentwickeln. Auch seine sp\u00e4teren Stationen bei BW Lohne (Landesliga, 2006\u20132009) und dem SC L\u00fcstringen (Bezirksliga, 2009\u20132013) waren von konstanter Aufbauarbeit und sportlicher Stabilit\u00e4t gepr\u00e4gt.<\/p>\n\n\n\n<p>Am 30. Juni 2013 endete schlie\u00dflich eine au\u00dfergew\u00f6hnliche Trainerkarriere. Doch f\u00fcr viele bleibt Herbert M\u00fchlenberg weit mehr als nur ein Mann der Zahlen und Tabellen \u2013 er ist ein Symbol f\u00fcr Kontinuit\u00e4t, Fu\u00dfballverstand und echte Vereinstreue.<\/p>\n\n\n\n<p><strong>Ein Vorbild f\u00fcr kommende Generationen<\/strong><\/p>\n\n\n\n<p>Heute gilt der pensionierte Diplom-Sportlehrer Herbert M\u00fchlenberg als Symbolfigur des FC Wanderlust S\u00fcsterseel \u2013 und als Vorbild f\u00fcr viele junge Fu\u00dfballer aus der Region. Sein Weg zeigt: Mit Disziplin, Talent und Leidenschaft ist auch aus einem kleinen Dorf der Weg ganz nach oben m\u00f6glich. <\/p>\n\n\n\n<p>Der FC Wanderlust blickt mit Stolz auf einen seiner wohl ber\u00fchmtesten ehemaligen Spieler.<\/p>\n\n\n\n<figure class=\"wp-block-image size-full\"><img loading=\"lazy\" width=\"960\" height=\"720\" src=\"https:\/\/fc-wanderlust.de\/wp-content\/uploads\/2025\/06\/1725297633952.jpg\" alt=\"\" class=\"wp-image-1732\" srcset=\"https:\/\/fc-wanderlust.de\/wp-content\/uploads\/2025\/06\/1725297633952.jpg 960w, https:\/\/fc-wanderlust.de\/wp-content\/uploads\/2025\/06\/1725297633952-300x225.jpg 300w, https:\/\/fc-wanderlust.de\/wp-content\/uploads\/2025\/06\/1725297633952-768x576.jpg 768w\" sizes=\"(max-width: 960px) 100vw, 960px\" \/><\/figure>\n\n\n\n<figure class=\"wp-block-gallery has-nested-images columns-default is-cropped\">\n<figure class=\"wp-block-image size-large\"><img loading=\"lazy\" width=\"1024\" height=\"683\" data-id=\"1736\"  src=\"https:\/\/fc-wanderlust.de\/wp-content\/uploads\/2025\/06\/Fans-1969-1024x683.jpg\" alt=\"\" class=\"wp-image-1736\" srcset=\"https:\/\/fc-wanderlust.de\/wp-content\/uploads\/2025\/06\/Fans-1969-1024x683.jpg 1024w, https:\/\/fc-wanderlust.de\/wp-content\/uploads\/2025\/06\/Fans-1969-300x200.jpg 300w, https:\/\/fc-wanderlust.de\/wp-content\/uploads\/2025\/06\/Fans-1969-768x512.jpg 768w, https:\/\/fc-wanderlust.de\/wp-content\/uploads\/2025\/06\/Fans-1969.jpg 1200w\" sizes=\"(max-width: 1024px) 100vw, 1024px\" \/><\/figure>\n\n\n\n<figure class=\"wp-block-image size-large\"><img loading=\"lazy\" width=\"888\" height=\"645\" data-id=\"1735\"  src=\"https:\/\/fc-wanderlust.de\/wp-content\/uploads\/2025\/06\/Juelich-1910-1970-Endspiel-Kopie.png\" alt=\"\" class=\"wp-image-1735\" srcset=\"https:\/\/fc-wanderlust.de\/wp-content\/uploads\/2025\/06\/Juelich-1910-1970-Endspiel-Kopie.png 888w, https:\/\/fc-wanderlust.de\/wp-content\/uploads\/2025\/06\/Juelich-1910-1970-Endspiel-Kopie-300x218.png 300w, https:\/\/fc-wanderlust.de\/wp-content\/uploads\/2025\/06\/Juelich-1910-1970-Endspiel-Kopie-768x558.png 768w\" sizes=\"(max-width: 888px) 100vw, 888px\" \/><\/figure>\n\n\n\n<figure class=\"wp-block-image size-large\"><img loading=\"lazy\" width=\"802\" height=\"1024\" data-id=\"1733\"  src=\"https:\/\/fc-wanderlust.de\/wp-content\/uploads\/2025\/06\/s-l1600-802x1024.webp\" alt=\"\" class=\"wp-image-1733\" srcset=\"https:\/\/fc-wanderlust.de\/wp-content\/uploads\/2025\/06\/s-l1600-802x1024.webp 802w, https:\/\/fc-wanderlust.de\/wp-content\/uploads\/2025\/06\/s-l1600-235x300.webp 235w, https:\/\/fc-wanderlust.de\/wp-content\/uploads\/2025\/06\/s-l1600-768x981.webp 768w, https:\/\/fc-wanderlust.de\/wp-content\/uploads\/2025\/06\/s-l1600.webp 999w\" sizes=\"(max-width: 802px) 100vw, 802px\" \/><\/figure>\n\n\n\n<figure class=\"wp-block-image size-large\"><img loading=\"lazy\" width=\"596\" height=\"1024\" data-id=\"1734\"  src=\"https:\/\/fc-wanderlust.de\/wp-content\/uploads\/2025\/06\/Sport-Amateurmeister-46153890_1903178189800586_3656437269767651328_o-596x1024.jpg\" alt=\"\" class=\"wp-image-1734\" srcset=\"https:\/\/fc-wanderlust.de\/wp-content\/uploads\/2025\/06\/Sport-Amateurmeister-46153890_1903178189800586_3656437269767651328_o-596x1024.jpg 596w, https:\/\/fc-wanderlust.de\/wp-content\/uploads\/2025\/06\/Sport-Amateurmeister-46153890_1903178189800586_3656437269767651328_o-175x300.jpg 175w, https:\/\/fc-wanderlust.de\/wp-content\/uploads\/2025\/06\/Sport-Amateurmeister-46153890_1903178189800586_3656437269767651328_o-768x1320.jpg 768w, https:\/\/fc-wanderlust.de\/wp-content\/uploads\/2025\/06\/Sport-Amateurmeister-46153890_1903178189800586_3656437269767651328_o.jpg 800w\" sizes=\"(max-width: 596px) 100vw, 596px\" \/><\/figure>\n\n\n\n<figure class=\"wp-block-image size-large\"><img loading=\"lazy\" width=\"709\" height=\"1024\" data-id=\"1737\"  src=\"https:\/\/fc-wanderlust.de\/wp-content\/uploads\/2025\/06\/Zeitung-1969-709x1024.jpg\" alt=\"\" class=\"wp-image-1737\" srcset=\"https:\/\/fc-wanderlust.de\/wp-content\/uploads\/2025\/06\/Zeitung-1969-709x1024.jpg 709w, https:\/\/fc-wanderlust.de\/wp-content\/uploads\/2025\/06\/Zeitung-1969-208x300.jpg 208w, https:\/\/fc-wanderlust.de\/wp-content\/uploads\/2025\/06\/Zeitung-1969-768x1110.jpg 768w, https:\/\/fc-wanderlust.de\/wp-content\/uploads\/2025\/06\/Zeitung-1969.jpg 800w\" sizes=\"(max-width: 709px) 100vw, 709px\" \/><\/figure>\n<\/figure>\n\n\n\n<figure class=\"wp-block-image size-large is-resized\"><img loading=\"lazy\" src=\"https:\/\/fc-wanderlust.de\/wp-content\/uploads\/2025\/06\/1749399022972-948x1024.jpg\" alt=\"\" class=\"wp-image-1750\" width=\"841\" height=\"908\" srcset=\"https:\/\/fc-wanderlust.de\/wp-content\/uploads\/2025\/06\/1749399022972-948x1024.jpg 948w, https:\/\/fc-wanderlust.de\/wp-content\/uploads\/2025\/06\/1749399022972-278x300.jpg 278w, https:\/\/fc-wanderlust.de\/wp-content\/uploads\/2025\/06\/1749399022972-768x830.jpg 768w, https:\/\/fc-wanderlust.de\/wp-content\/uploads\/2025\/06\/1749399022972.jpg 1080w\" sizes=\"(max-width: 841px) 100vw, 841px\" \/><\/figure>\n","protected":false},"excerpt":{"rendered":"<p>Vom Bolzplatz in die Bundesliga \u2013 Herbert M\u00fchlenbergs Weg begann in S\u00fcsterseel Einen gro\u00dfe Fu\u00dfballgeschichte ist unweigerlich auch mit dem Namen \u201eM\u00fchle\u201c verbunden. Ein Heimatidol mit Bundesligaformat. Die Fu\u00dfballkarriere von Herbert M\u00fchlenberg bleibt unvergessen. Der geb\u00fcrtige S\u00fcsterseeler pr\u00e4gte nicht nur \u00fcber viele Jahre den FC Wanderlust 1920 S\u00fcsterseel, sondern schaffte anschlie\u00dfend den Sprung bis in [&hellip;]<\/p>\n","protected":false},"author":4,"featured_media":0,"parent":0,"menu_order":0,"comment_status":"closed","ping_status":"closed","template":"","meta":[],"_links":{"self":[{"href":"https:\/\/fc-wanderlust.de\/index.php?rest_route=\/wp\/v2\/pages\/1677"}],"collection":[{"href":"https:\/\/fc-wanderlust.de\/index.php?rest_route=\/wp\/v2\/pages"}],"about":[{"href":"https:\/\/fc-wanderlust.de\/index.php?rest_route=\/wp\/v2\/types\/page"}],"author":[{"embeddable":true,"href":"https:\/\/fc-wanderlust.de\/index.php?rest_route=\/wp\/v2\/users\/4"}],"replies":[{"embeddable":true,"href":"https:\/\/fc-wanderlust.de\/index.php?rest_route=%2Fwp%2Fv2%2Fcomments&post=1677"}],"version-history":[{"count":6,"href":"https:\/\/fc-wanderlust.de\/index.php?rest_route=\/wp\/v2\/pages\/1677\/revisions"}],"predecessor-version":[{"id":1752,"href":"https:\/\/fc-wanderlust.de\/index.php?rest_route=\/wp\/v2\/pages\/1677\/revisions\/1752"}],"wp:attachment":[{"href":"https:\/\/fc-wanderlust.de\/index.php?rest_route=%2Fwp%2Fv2%2Fmedia&parent=1677"}],"curies":[{"name":"wp","href":"https:\/\/api.w.org\/{rel}","templated":true}]}}